 -76 - y. What is the units digit of u?
5
Suppose z - 6*z = -4*b + 2081, -z - b = 409. Let l = 691 + z. What is the tens digit of l?
7
Let z(h) = h**3 - 10*h**2 + 3*h - 24. Let j be z(10). Let g(s) = s**2 + 3*s + 14. Let v be g(j). Suppose 0 = 93*q - 94*q + v. What is the tens digit of q?
6
Suppose 29*k = 14*k + 242305 + 73055. What is the units digit of k?
4
Let q(n) = 20*n**2 - 214*n - 107. What is the hundreds digit of q(26)?
8
What is the units digit of 2447709/55 - (104/(-20) + 5)?
4
Suppose -3*j - 3*y = -y - 169, 0 = 2*j + 4*y - 118. What is the units digit of 13045/j + -4 + (-126)/(-33)?
7
Suppose 4*c = -1415 + 507. Let u = c - -310. What is the units digit of u?
3
Suppose 0 = -13*s + 5*s + 96. Suppose s = -3*o, 6*z - 4*z = 5*o + 490. What is the units digit of z?
5
Suppose -33*k + 66 = -11*k. Suppose k*x + 2*y = 5212, -7*x + 3*y - 8687 = -12*x. What is the thousands digit of x?
1
Suppose -8300 = -4*x + 14*f - 18*f, -5*f = 2*x - 4144. Suppose 6*p - 2399 = x. What is the hundreds digit of p?
7
Suppose -27 = -4*b - 5*b. Suppose -3*r - s + 2*s = -610, -b*s - 600 = -3*r. Suppose 3*v - 359 = r. What is the units digit of v?
8
Suppose 93*n = 3*i + 98*n - 38304, 3*i = 5*n + 38214. What is the ten thousands digit of i?
1
Let d(j) = -j**2 + 13*j - 12. Let t(o) = o**2 - 25*o + 23. Let i(n) = -5*d(n) - 3*t(n). Let s be i(-6). What is the tens digit of 172 - (s - 0)*-1?
7
Suppose -4*b = -a + 1336, a - 3*b + 108 = 1437. What is the units digit of a?
8
Let u(a) = a**2 + 6*a - 209. Let j(m) = m**2 + 5*m - 207. Let g(p) = -5*j(p) + 4*u(p). Let f be 10/(-50) - 2/(-10). What is the units digit of g(f)?
9
Let h(a) = 2615*a - 741. What is the units digit of h(11)?
4
Let y(b) = 40*b**2 + 6*b - 226. What is the ten thousands digit of y(17)?
1
Suppose 6 = 13*m - 20. Let b = -15 - -27. Suppose -4*i = -b, 6*q - 54 = 4*q - m*i. What is the tens digit of q?
2
Suppose 464*v - 324*v = 3301200. What is the units digit of v?
0
Let p = 87 + -83. Suppose -2*z - 3*d + 1174 = 0, 0 = -0*d - d + p. Let a = z - 375. What is the tens digit of a?
0
What is the units digit of 15 - 2096/144 - (-1157770)/18?
1
Let v = -167 - -212. Suppose v*p - 34 = 11*p. What is the units digit of p?
1
Suppose 0*w + 4*w + 175914 = 22*w. What is the tens digit of w?
7
Let u(t) = t**2 - 6*t - 7. Let v be u(-1). Suppose v = 5*d - 1289 - 271. What is the hundreds digit of d?
3
Let t = 17453 - 12094. What is the tens digit of t?
5
Suppose -513432 = -17*p - 23594. What is the ten thousands digit of p?
2
Let l(z) be the first derivative of -27*z**2/2 - 41*z + 66. What is the tens digit of l(-9)?
0
Let p(u) = 10*u - 56. Let k be p(6). Suppose -k*w - 1287 = -13*w. Suppose i - 5*c - 30 = 22, 3*c = -2*i + w. What is the tens digit of i?
6
Suppose 125 = -3*a + 167. Suppose 4*s + 13*u = a*u + 3885, u = -1. What is the tens digit of s?
7
Suppose 25 = 30*y + 85. What is the units digit of (-1303)/y + (-174)/(-116)?
3
Suppose -4*r + 230 = -2*r. Let c = -17 + r. What is the units digit of 1654/22 - (c/(-77))/(-7)?
5
Let t(h) = -566*h + 555. What is the tens digit of t(-9)?
4
Let w be -3*(-16)/(-36)*9/(-6). Suppose -3*i + 796 = w*p - 5*i, 4*p - 1577 = -i. What is the units digit of p?
5
Let b = -1726 + 1736. Let l be (-4 - 26)/((-6)/(-4)). Let u = b - l. What is the units digit of u?
0
Let d(z) = z**2 - 3*z - 3. Let g be d(-3). What is the hundreds digit of -1*5/g - 1772/(-6)?
2
Suppose 38*x - 17*x = 953814 - 200796. What is the hundreds digit of x?
8
Suppose -1080 - 1560 = 24*y. Suppose 31 = 4*n - 73. Let g = n - y. What is the units digit of g?
6
Suppose w = 6*w. Suppose -t - 5 + 27 = -5*u, w = -3*u - 12. Suppose 7*j = t*j + 835. What is the tens digit of j?
6
Let d(s) = s**3 - 5*s**2 - 7*s + 11. Let j be d(6). Suppose 0*r = 2*r - w - 165, j*w = -3*r + 241. Let x = r - 42. What is the tens digit of x?
4
Suppose -2*n + 22702 = -5*u, -34*n + 36*n + 4*u = 22720. What is the ten thousands digit of n?
1
Let l = 14609 + -5663. Suppose -l = -53*b + 39*b. What is the tens digit of b?
3
Suppose -2*b = l - 1094, -4*b - 2*l = -5*b + 542. Let g = 937 - b. What is the hundreds digit of g?
3
Suppose 5*n + 17 = h, n + 148 = 3*h + 27. Suppose g + h = 43. Let f(k) = k**3 + k**2 + 2*k - 2. What is the units digit of f(g)?
2
Let l(i) = -i**3 + 15*i**2 + 81*i + 4. Let q be l(19). Suppose -104*v + q*v + 1495 = 0. What is the tens digit of v?
9
Let u = -89 + 142. Let h = u + -57. What is the tens digit of (16/(-40) - 2)/(h/70)?
4
Suppose 0 = 17*s + 28*s + 7*s - 1171872. What is the ten thousands digit of s?
2
Let x = 4 + 2. Suppose -2*y = -3*v + 797, -x*v + 9*v + 2*y = 817. What is the tens digit of v?
6
Let h = -52 - -61. Suppose -5*p + 4*r = 10, -3*p + 5*r = 2*r + h. Suppose -80 - 68 = -p*j. What is the units digit of j?
4
Suppose 2*x + 79044 = 4*o + 17092, 46449 = 3*o + x. What is the tens digit of o?
8
Let l(i) = -15*i**3 + 11*i**2 - 65*i - 107. What is the tens digit of l(-9)?
0
Let b(x) = x**2 - 11*x + 28. Let o be b(8). Suppose 0*l + 2*j = -4*l + 28, o*l - 18 = 3*j. What is the units digit of (l/(-9))/((-16)/3000)?
5
Let q(w) = 8*w**2 + 13. Suppose 9*u - 51 = -6. Let n be q(u). Let v = n - 79. What is the units digit of v?
4
Suppose -2 = 2*t - 2*x, -3*t - 2*t - x + 1 = 0. Let k be 24 - (t/13)/(1 - 0). Suppose -k = -2*d + 22. What is the tens digit of d?
2
Let w = 39055 - 34893. What is the hundreds digit of w?
1
Suppose -36*b - 56*b + 1708624 = 0. What is the hundreds digit of b?
5
Suppose 4*c = -4*l + 12, 5*c + 22 = 3*l - 27. Suppose 2*w + 2*h = 64, 12*w + 2*h = l*w + 126. Suppose w = -10*a + 601. What is the tens digit of a?
5
Suppose -4*n - 2 = -6. Let g be ((-40)/(-48))/(n/6). Suppose -o - g*l = -25, o = 2*o - 4*l - 25. What is the units digit of o?
5
Let h(i) = -6 + 2 - 9*i + 26. Let t be h(13). Let m = -10 - t. What is the units digit of m?
5
Let k(a) = -18*a**3 + 16*a**2 + 149*a + 2. What is the hundreds digit of k(-10)?
1
Let j(t) = -t**3 + 11*t**2 - 16*t - 19. Let h be j(9). What is the units digit of (22/(-4))/((-1)/(-18)*h)?
9
Let s(m) = -410*m - 1687. What is the units digit of s(-24)?
3
Let k(w) = -1105*w - 146. Let g be k(-4). Suppose 2*x - g = -4*r, 6*x + 15 = x. What is the tens digit of r?
7
Let z be (2 - 204/(-15))*(-26 - -6). Let l = 936 + z. Suppose -3*g + 276 + 92 = t, -5*g + t + l = 0. What is the units digit of g?
4
What is the units digit of (925903/(-123))/((-8)/24)?
3
What is the tens digit of ((-1)/(-2))/(11 - (-15666792)/(-1424256))?
7
Let z(m) = -5*m. Let a be z(-1). Suppose 7555 = a*v - 3*d, 0 = -5*v + 6*d - 2*d + 7555. What is the hundreds digit of v?
5
Suppose c - 4*q = 11134, 240*c = 237*c + 5*q + 33409. What is the thousands digit of c?
1
Let q = -117 - -314. Let d = -70 + q. What is the hundreds digit of d?
1
Let m(s) = -9*s + 55. Let t be m(-11). Let o = 91 + t. What is the hundreds digit of o?
2
Let b(s) = 2*s**3 + 4. Let o(x) = -x**2 - 9*x - 14. Let u be o(-6). Let z be b(u). Let n = z + 0. What is the units digit of n?
2
Let l(y) be the third derivative of 13*y**6/720 - y**5/40 - y**4/8 + 26*y**2. Let f(r) be the second derivative of l(r). What is the units digit of f(20)?
7
Let n(z) = -776*z + 825. What is the units digit of n(-17)?
7
Let y be 11/4 + (-20)/(-80). Let u = 59 + -57. Suppose y*n - 79 = u*n. What is the tens digit of n?
7
Let i(d) = -d**3 - 4*d**2 + 13*d - 11. Let v be i(-11). Let l = -487 + v. What is the tens digit of l?
0
Suppose s = 3*x + 809, -2*x + 4*s - 556 = -0*x. Let u = 456 + x. What is the hundreds digit of u?
1
Suppose 22*w - 339328 = -42*w. What is the hundreds digit of w?
3
Suppose 2 = z - 4*m, -3*z - z - 2*m = 64. What is the hundreds digit of (-98)/((-2)/z*-1)?
6
Let d(a) be the first derivative of -30*a**3 - 4 + 38*a**3 + 5 - 2*a**2. What is the tens digit of d(2)?
8
Let q(f) = 4*f + 8. Let d = -33 + 53. Suppose -5*n + 0*n = -d. What is the units digit of q(n)?
4
Let u(z) = -z**3 - 7*z - 3. Let c be u(5). Let i = -94 - c. Suppose 2*t - 179 = -i. What is the units digit of t?
5
Let z(h) = -h**3 - 10*h**2 + 22*h + 18. Suppose 6*g - 72 = 10*g + 3*w, 5*g - 2*w = -67. What is the units digit of z(g)?
3
Suppose -4*g = 9 - 21. Let f(n) = 18*n**2 - 11*n + 9. Let x(c) = -27*c**2 + 17*c - 14. Let y(z) = 8*f(z) + 5*x(z). What is the units digit of y(g)?
4
Let s 